{"id":52,"date":"2019-06-22T13:19:51","date_gmt":"2019-06-22T11:19:51","guid":{"rendered":"https:\/\/slevarnahliniku.cz\/obchod\/?post_type=product&#038;p=52"},"modified":"2026-03-22T17:57:02","modified_gmt":"2026-03-22T16:57:02","slug":"hlinikova-kotevni-patka","status":"publish","type":"product","link":"https:\/\/slevarnahliniku.cz\/obchod\/produkt\/hlinikova-kotevni-patka\/","title":{"rendered":"Hlin\u00edkov\u00e1 kotv\u00edc\u00ed patka"},"content":{"rendered":"<p style=\"font-weight: 400\">Hlin\u00edkov\u00e1 kotvic\u00ed patka standardn\u011b dod\u00e1van\u00e1 se dv\u011bma\u00a0areta\u010dn\u00edmi \u0161rouby je \u0161iroce pou\u017eiteln\u00e1 nejen v\u00a0dopravn\u00edm zna\u010den\u00ed. Nab\u00edzen\u00fd odlitek je vlastn\u00edm v\u00fdrobkem Sl\u00e9v\u00e1rny hlin\u00edku s.r.o. v\u00a0Nov\u00e9m Boru. Renom\u00e9 na\u0161\u00ed sl\u00e9v\u00e1rny, kvalita proveden\u00ed, \u010dist\u00fd design i z\u00e1t\u011b\u017eov\u00e9 parametry p\u0159esahuj\u00edc\u00ed po\u017eadavky normy \u010cSN EN 12899-1 zaru\u010duj\u00ed spokojenost z\u00e1kazn\u00edk\u016f.<\/p>\n<p style=\"font-weight: 400\">Patka si zachov\u00e1v\u00e1 tradi\u010dn\u00ed neochuzenou konstrukci se \u010dty\u0159mi kotevn\u00edmi body, prov\u011b\u0159enou lety praktick\u00e9ho pou\u017eit\u00ed. N\u00e1\u0161 zp\u016fsob v\u00fdroby gravita\u010dn\u00edm lit\u00edm do kovov\u00fdch kokil v\u0161ak umo\u017e\u0148uje jej\u00ed precizn\u00ed proveden\u00ed.<\/p>\n<p style=\"font-weight: 400\">Sou\u010d\u00e1st\u00ed na\u0161\u00ed nab\u00eddky je voliteln\u00e9 p\u0159\u00edslu\u0161enstv\u00ed.<\/p>\n<p style=\"font-weight: 400\"><u>Pou\u017eit\u00ed:<\/u><\/p>\n<p style=\"font-weight: 400\">Pro upevn\u011bn\u00ed sloupku\u00a0dopravn\u00edho zna\u010den\u00ed, vlajky, reklamn\u00ed tabule apod. o\u00a0\u00f8 60 mm.<\/p>\n<p style=\"font-weight: 400\"><u>P\u0159\u00edslu\u0161enstv\u00ed pro ukotven\u00ed z\u00e1vitov\u00fdmi ty\u010demi do betonu:<\/u><\/p>\n<ul>\n<li style=\"font-weight: 400\">z\u00e1vitov\u00e1 kotevn\u00ed ty\u010d M14x330 mm &#8211; 4ks,<\/li>\n<li style=\"font-weight: 400\">matice M14 &#8211; 4ks,<\/li>\n<li style=\"font-weight: 400\">podlo\u017eky M14 \u2013 4ks,<\/li>\n<li style=\"font-weight: 400\">p\u00e9rov\u00e9 podlo\u017eky M14 \u2013 4 ks<\/li>\n<\/ul>\n<p style=\"font-weight: 400\"><u>N\u00e1vod na mont\u00e1\u017e:<\/u><\/p>\n<p style=\"font-weight: 400\">Patku kotv\u00edme pomoc\u00ed dodan\u00e9ho p\u0159\u00edslu\u0161enstv\u00ed. Kotevn\u00ed ty\u010de nejprve zabetonujeme do zem\u011b a po vytvrdnut\u00ed patku u\u017e jen nasad\u00edme a maticemi dot\u00e1hneme. Pokud kotv\u00edme na ji\u017e dostate\u010dn\u011b pevn\u00fd podklad (beton, k\u00e1men, \u2026) tak pou\u017eijeme vhodn\u00fd vrt\u00e1k a n\u00e1sledn\u011b upevn\u00edme kovov\u00fdmi kotevn\u00edmi \u0161rouby.<\/p>\n<h4><u>Soubory ke sta\u017een\u00ed:<\/u><\/h4>\n<ul>\n<li><a href=\"https:\/\/slevarnahliniku.cz\/obchod\/wp-content\/uploads\/2019\/11\/Protokol-o-zkou\u0161ce.pdf\" target=\"_blank\" rel=\"noopener noreferrer\">Protokol o zkou\u0161ce<\/a><\/li>\n<li><a href=\"https:\/\/slevarnahliniku.cz\/obchod\/wp-content\/uploads\/2019\/11\/Prohl\u00e1\u0161en\u00ed-o-shod\u011b.pdf\" target=\"_blank\" rel=\"noopener noreferrer\">Prohl\u00e1\u0161en\u00ed o shod\u011b<\/a><\/li>\n<\/ul>\n","protected":false},"excerpt":{"rendered":"<p>Hlin\u00edkov\u00e1 kotvic\u00ed patka standardn\u011b dod\u00e1van\u00e1 se dv\u011bma\u00a0areta\u010dn\u00edmi \u0161rouby je \u0161iroce pou\u017eiteln\u00e1 nejen v\u00a0dopravn\u00edm zna\u010den\u00ed. Nab\u00edzen\u00fd odlitek je vlastn\u00edm v\u00fdrobkem Sl\u00e9v\u00e1rny hlin\u00edku s.r.o. v\u00a0Nov\u00e9m Boru. Renom\u00e9 na\u0161\u00ed sl\u00e9v\u00e1rny, kvalita proveden\u00ed, \u010dist\u00fd design i z\u00e1t\u011b\u017eov\u00e9 parametry p\u0159esahuj\u00edc\u00ed po\u017eadavky normy \u010cSN EN 12899-1 zaru\u010duj\u00ed spokojenost z\u00e1kazn\u00edk\u016f. Patka si zachov\u00e1v\u00e1 tradi\u010dn\u00ed neochuzenou konstrukci se \u010dty\u0159mi kotevn\u00edmi body, prov\u011b\u0159enou lety [&hellip;]<\/p>\n","protected":false},"featured_media":53,"template":"","meta":[],"class_list":["post-52","product","type-product","status-publish","has-post-thumbnail","hentry","product_cat-nezarazene"],"yoast_head":"<!-- This site is optimized with the Yoast SEO plugin v24.9 - https:\/\/yoast.com\/wordpress\/plugins\/seo\/ -->\n<title>Hlin\u00edkov\u00e1 kotv\u00edc\u00ed patka - Sl\u00e9v\u00e1rna hlin\u00edku Nov\u00fd Bor<\/title>\n<meta name=\"robots\" content=\"index, follow, max-snippet:-1, max-image-preview:large, max-video-preview:-1\" \/>\n<link rel=\"canonical\" href=\"https:\/\/slevarnahliniku.cz\/obchod\/produkt\/hlinikova-kotevni-patka\/\" \/>\n<meta property=\"og:locale\" content=\"cs_CZ\" \/>\n<meta property=\"og:type\" content=\"article\" \/>\n<meta property=\"og:title\" content=\"Hlin\u00edkov\u00e1 kotv\u00edc\u00ed patka - Sl\u00e9v\u00e1rna hlin\u00edku Nov\u00fd Bor\" \/>\n<meta property=\"og:description\" content=\"Hlin\u00edkov\u00e1 kotvic\u00ed patka standardn\u011b dod\u00e1van\u00e1 se dv\u011bma\u00a0areta\u010dn\u00edmi \u0161rouby je \u0161iroce pou\u017eiteln\u00e1 nejen v\u00a0dopravn\u00edm zna\u010den\u00ed. Nab\u00edzen\u00fd odlitek je vlastn\u00edm v\u00fdrobkem Sl\u00e9v\u00e1rny hlin\u00edku s.r.o. v\u00a0Nov\u00e9m Boru. Renom\u00e9 na\u0161\u00ed sl\u00e9v\u00e1rny, kvalita proveden\u00ed, \u010dist\u00fd design i z\u00e1t\u011b\u017eov\u00e9 parametry p\u0159esahuj\u00edc\u00ed po\u017eadavky normy \u010cSN EN 12899-1 zaru\u010duj\u00ed spokojenost z\u00e1kazn\u00edk\u016f. Patka si zachov\u00e1v\u00e1 tradi\u010dn\u00ed neochuzenou konstrukci se \u010dty\u0159mi kotevn\u00edmi body, prov\u011b\u0159enou lety [&hellip;]\" \/>\n<meta property=\"og:url\" content=\"https:\/\/slevarnahliniku.cz\/obchod\/produkt\/hlinikova-kotevni-patka\/\" \/>\n<meta property=\"og:site_name\" content=\"Sl\u00e9v\u00e1rna hlin\u00edku Nov\u00fd Bor\" \/>\n<meta property=\"article:modified_time\" content=\"2026-03-22T16:57:02+00:00\" \/>\n<meta property=\"og:image\" content=\"https:\/\/slevarnahliniku.cz\/obchod\/wp-content\/uploads\/2019\/06\/Patka-e1561632400362.jpg\" \/>\n\t<meta property=\"og:image:width\" content=\"1005\" \/>\n\t<meta property=\"og:image:height\" content=\"777\" \/>\n\t<meta property=\"og:image:type\" content=\"image\/jpeg\" \/>\n<meta name=\"twitter:card\" content=\"summary_large_image\" \/>\n<meta name=\"twitter:label1\" content=\"Odhadovan\u00e1 doba \u010dten\u00ed\" \/>\n\t<meta name=\"twitter:data1\" content=\"1 minuta\" \/>\n<script type=\"application\/ld+json\" class=\"yoast-schema-graph\">{\"@context\":\"https:\/\/schema.org\",\"@graph\":[{\"@type\":\"WebPage\",\"@id\":\"https:\/\/slevarnahliniku.cz\/obchod\/produkt\/hlinikova-kotevni-patka\/\",\"url\":\"https:\/\/slevarnahliniku.cz\/obchod\/produkt\/hlinikova-kotevni-patka\/\",\"name\":\"Hlin\u00edkov\u00e1 kotv\u00edc\u00ed patka - Sl\u00e9v\u00e1rna hlin\u00edku Nov\u00fd Bor\",\"isPartOf\":{\"@id\":\"https:\/\/slevarnahliniku.cz\/obchod\/#website\"},\"primaryImageOfPage\":{\"@id\":\"https:\/\/slevarnahliniku.cz\/obchod\/produkt\/hlinikova-kotevni-patka\/#primaryimage\"},\"image\":{\"@id\":\"https:\/\/slevarnahliniku.cz\/obchod\/produkt\/hlinikova-kotevni-patka\/#primaryimage\"},\"thumbnailUrl\":\"https:\/\/slevarnahliniku.cz\/obchod\/wp-content\/uploads\/2019\/06\/Patka-e1561632400362.jpg\",\"datePublished\":\"2019-06-22T11:19:51+00:00\",\"dateModified\":\"2026-03-22T16:57:02+00:00\",\"breadcrumb\":{\"@id\":\"https:\/\/slevarnahliniku.cz\/obchod\/produkt\/hlinikova-kotevni-patka\/#breadcrumb\"},\"inLanguage\":\"cs\",\"potentialAction\":[{\"@type\":\"ReadAction\",\"target\":[\"https:\/\/slevarnahliniku.cz\/obchod\/produkt\/hlinikova-kotevni-patka\/\"]}]},{\"@type\":\"ImageObject\",\"inLanguage\":\"cs\",\"@id\":\"https:\/\/slevarnahliniku.cz\/obchod\/produkt\/hlinikova-kotevni-patka\/#primaryimage\",\"url\":\"https:\/\/slevarnahliniku.cz\/obchod\/wp-content\/uploads\/2019\/06\/Patka-e1561632400362.jpg\",\"contentUrl\":\"https:\/\/slevarnahliniku.cz\/obchod\/wp-content\/uploads\/2019\/06\/Patka-e1561632400362.jpg\",\"width\":1005,\"height\":777},{\"@type\":\"BreadcrumbList\",\"@id\":\"https:\/\/slevarnahliniku.cz\/obchod\/produkt\/hlinikova-kotevni-patka\/#breadcrumb\",\"itemListElement\":[{\"@type\":\"ListItem\",\"position\":1,\"name\":\"Dom\u016f\",\"item\":\"https:\/\/slevarnahliniku.cz\/obchod\/\"},{\"@type\":\"ListItem\",\"position\":2,\"name\":\"Obchod\",\"item\":\"https:\/\/slevarnahliniku.cz\/obchod\/\"},{\"@type\":\"ListItem\",\"position\":3,\"name\":\"Hlin\u00edkov\u00e1 kotv\u00edc\u00ed patka\"}]},{\"@type\":\"WebSite\",\"@id\":\"https:\/\/slevarnahliniku.cz\/obchod\/#website\",\"url\":\"https:\/\/slevarnahliniku.cz\/obchod\/\",\"name\":\"Sl\u00e9v\u00e1rna hlin\u00edku Nov\u00fd Bor\",\"description\":\"Dal\u0161\u00ed web pou\u017e\u00edvaj\u00edc\u00ed WordPress\",\"publisher\":{\"@id\":\"https:\/\/slevarnahliniku.cz\/obchod\/#organization\"},\"potentialAction\":[{\"@type\":\"SearchAction\",\"target\":{\"@type\":\"EntryPoint\",\"urlTemplate\":\"https:\/\/slevarnahliniku.cz\/obchod\/?s={search_term_string}\"},\"query-input\":{\"@type\":\"PropertyValueSpecification\",\"valueRequired\":true,\"valueName\":\"search_term_string\"}}],\"inLanguage\":\"cs\"},{\"@type\":\"Organization\",\"@id\":\"https:\/\/slevarnahliniku.cz\/obchod\/#organization\",\"name\":\"Sl\u00e9v\u00e1rna hlin\u00edku Nov\u00fd Bor\",\"url\":\"https:\/\/slevarnahliniku.cz\/obchod\/\",\"logo\":{\"@type\":\"ImageObject\",\"inLanguage\":\"cs\",\"@id\":\"https:\/\/slevarnahliniku.cz\/obchod\/#\/schema\/logo\/image\/\",\"url\":\"https:\/\/slevarnahliniku.cz\/obchod\/wp-content\/uploads\/2019\/06\/cropped-slevarna-logo-1.png\",\"contentUrl\":\"https:\/\/slevarnahliniku.cz\/obchod\/wp-content\/uploads\/2019\/06\/cropped-slevarna-logo-1.png\",\"width\":212,\"height\":250,\"caption\":\"Sl\u00e9v\u00e1rna hlin\u00edku Nov\u00fd Bor\"},\"image\":{\"@id\":\"https:\/\/slevarnahliniku.cz\/obchod\/#\/schema\/logo\/image\/\"}}]}<\/script>\n<!-- \/ Yoast SEO plugin. -->","yoast_head_json":{"title":"Hlin\u00edkov\u00e1 kotv\u00edc\u00ed patka - Sl\u00e9v\u00e1rna hlin\u00edku Nov\u00fd Bor","robots":{"index":"index","follow":"follow","max-snippet":"max-snippet:-1","max-image-preview":"max-image-preview:large","max-video-preview":"max-video-preview:-1"},"canonical":"https:\/\/slevarnahliniku.cz\/obchod\/produkt\/hlinikova-kotevni-patka\/","og_locale":"cs_CZ","og_type":"article","og_title":"Hlin\u00edkov\u00e1 kotv\u00edc\u00ed patka - Sl\u00e9v\u00e1rna hlin\u00edku Nov\u00fd Bor","og_description":"Hlin\u00edkov\u00e1 kotvic\u00ed patka standardn\u011b dod\u00e1van\u00e1 se dv\u011bma\u00a0areta\u010dn\u00edmi \u0161rouby je \u0161iroce pou\u017eiteln\u00e1 nejen v\u00a0dopravn\u00edm zna\u010den\u00ed. Nab\u00edzen\u00fd odlitek je vlastn\u00edm v\u00fdrobkem Sl\u00e9v\u00e1rny hlin\u00edku s.r.o. v\u00a0Nov\u00e9m Boru. Renom\u00e9 na\u0161\u00ed sl\u00e9v\u00e1rny, kvalita proveden\u00ed, \u010dist\u00fd design i z\u00e1t\u011b\u017eov\u00e9 parametry p\u0159esahuj\u00edc\u00ed po\u017eadavky normy \u010cSN EN 12899-1 zaru\u010duj\u00ed spokojenost z\u00e1kazn\u00edk\u016f. Patka si zachov\u00e1v\u00e1 tradi\u010dn\u00ed neochuzenou konstrukci se \u010dty\u0159mi kotevn\u00edmi body, prov\u011b\u0159enou lety [&hellip;]","og_url":"https:\/\/slevarnahliniku.cz\/obchod\/produkt\/hlinikova-kotevni-patka\/","og_site_name":"Sl\u00e9v\u00e1rna hlin\u00edku Nov\u00fd Bor","article_modified_time":"2026-03-22T16:57:02+00:00","og_image":[{"width":1005,"height":777,"url":"https:\/\/slevarnahliniku.cz\/obchod\/wp-content\/uploads\/2019\/06\/Patka-e1561632400362.jpg","type":"image\/jpeg"}],"twitter_card":"summary_large_image","twitter_misc":{"Odhadovan\u00e1 doba \u010dten\u00ed":"1 minuta"},"schema":{"@context":"https:\/\/schema.org","@graph":[{"@type":"WebPage","@id":"https:\/\/slevarnahliniku.cz\/obchod\/produkt\/hlinikova-kotevni-patka\/","url":"https:\/\/slevarnahliniku.cz\/obchod\/produkt\/hlinikova-kotevni-patka\/","name":"Hlin\u00edkov\u00e1 kotv\u00edc\u00ed patka - Sl\u00e9v\u00e1rna hlin\u00edku Nov\u00fd Bor","isPartOf":{"@id":"https:\/\/slevarnahliniku.cz\/obchod\/#website"},"primaryImageOfPage":{"@id":"https:\/\/slevarnahliniku.cz\/obchod\/produkt\/hlinikova-kotevni-patka\/#primaryimage"},"image":{"@id":"https:\/\/slevarnahliniku.cz\/obchod\/produkt\/hlinikova-kotevni-patka\/#primaryimage"},"thumbnailUrl":"https:\/\/slevarnahliniku.cz\/obchod\/wp-content\/uploads\/2019\/06\/Patka-e1561632400362.jpg","datePublished":"2019-06-22T11:19:51+00:00","dateModified":"2026-03-22T16:57:02+00:00","breadcrumb":{"@id":"https:\/\/slevarnahliniku.cz\/obchod\/produkt\/hlinikova-kotevni-patka\/#breadcrumb"},"inLanguage":"cs","potentialAction":[{"@type":"ReadAction","target":["https:\/\/slevarnahliniku.cz\/obchod\/produkt\/hlinikova-kotevni-patka\/"]}]},{"@type":"ImageObject","inLanguage":"cs","@id":"https:\/\/slevarnahliniku.cz\/obchod\/produkt\/hlinikova-kotevni-patka\/#primaryimage","url":"https:\/\/slevarnahliniku.cz\/obchod\/wp-content\/uploads\/2019\/06\/Patka-e1561632400362.jpg","contentUrl":"https:\/\/slevarnahliniku.cz\/obchod\/wp-content\/uploads\/2019\/06\/Patka-e1561632400362.jpg","width":1005,"height":777},{"@type":"BreadcrumbList","@id":"https:\/\/slevarnahliniku.cz\/obchod\/produkt\/hlinikova-kotevni-patka\/#breadcrumb","itemListElement":[{"@type":"ListItem","position":1,"name":"Dom\u016f","item":"https:\/\/slevarnahliniku.cz\/obchod\/"},{"@type":"ListItem","position":2,"name":"Obchod","item":"https:\/\/slevarnahliniku.cz\/obchod\/"},{"@type":"ListItem","position":3,"name":"Hlin\u00edkov\u00e1 kotv\u00edc\u00ed patka"}]},{"@type":"WebSite","@id":"https:\/\/slevarnahliniku.cz\/obchod\/#website","url":"https:\/\/slevarnahliniku.cz\/obchod\/","name":"Sl\u00e9v\u00e1rna hlin\u00edku Nov\u00fd Bor","description":"Dal\u0161\u00ed web pou\u017e\u00edvaj\u00edc\u00ed WordPress","publisher":{"@id":"https:\/\/slevarnahliniku.cz\/obchod\/#organization"},"potentialAction":[{"@type":"SearchAction","target":{"@type":"EntryPoint","urlTemplate":"https:\/\/slevarnahliniku.cz\/obchod\/?s={search_term_string}"},"query-input":{"@type":"PropertyValueSpecification","valueRequired":true,"valueName":"search_term_string"}}],"inLanguage":"cs"},{"@type":"Organization","@id":"https:\/\/slevarnahliniku.cz\/obchod\/#organization","name":"Sl\u00e9v\u00e1rna hlin\u00edku Nov\u00fd Bor","url":"https:\/\/slevarnahliniku.cz\/obchod\/","logo":{"@type":"ImageObject","inLanguage":"cs","@id":"https:\/\/slevarnahliniku.cz\/obchod\/#\/schema\/logo\/image\/","url":"https:\/\/slevarnahliniku.cz\/obchod\/wp-content\/uploads\/2019\/06\/cropped-slevarna-logo-1.png","contentUrl":"https:\/\/slevarnahliniku.cz\/obchod\/wp-content\/uploads\/2019\/06\/cropped-slevarna-logo-1.png","width":212,"height":250,"caption":"Sl\u00e9v\u00e1rna hlin\u00edku Nov\u00fd Bor"},"image":{"@id":"https:\/\/slevarnahliniku.cz\/obchod\/#\/schema\/logo\/image\/"}}]}},"_links":{"self":[{"href":"https:\/\/slevarnahliniku.cz\/obchod\/wp-json\/wp\/v2\/product\/52","targetHints":{"allow":["GET"]}}],"collection":[{"href":"https:\/\/slevarnahliniku.cz\/obchod\/wp-json\/wp\/v2\/product"}],"about":[{"href":"https:\/\/slevarnahliniku.cz\/obchod\/wp-json\/wp\/v2\/types\/product"}],"wp:featuredmedia":[{"embeddable":true,"href":"https:\/\/slevarnahliniku.cz\/obchod\/wp-json\/wp\/v2\/media\/53"}],"wp:attachment":[{"href":"https:\/\/slevarnahliniku.cz\/obchod\/wp-json\/wp\/v2\/media?parent=52"}],"curies":[{"name":"wp","href":"https:\/\/api.w.org\/{rel}","templated":true}]}}